late the greatest common factor of 414 and 734986206.
414
Calculate the highest common factor of 37352 and 119508.
92
What is the highest common factor of 851286 and 15900?
318
Calculate the highest common factor of 3195091 and 1311.
23
Calculate the greatest common factor of 3236108 and 55426.
214
Calculate the highest common divisor of 3322 and 1782.
22
What is the highest common divisor of 147402 and 13737?
57
Calculate the greatest common divisor of 19256 and 48024.
232
What is the greatest common divisor of 99620387 and 631?
631
Calculate the greatest common factor of 409356234 and 21.
21
Calculate the highest common divisor of 33792 and 1463296.
1024
What is the highest common divisor of 1495 and 12746347?
23
Calculate the greatest common factor of 2092160 and 225344.
448
What is the greatest common factor of 22214403 and 44685?
2979
What is the highest common divisor of 430 and 61787130?
430
Calculate the greatest common factor of 560 and 9981040.
80
Calculate the highest common divisor of 129050 and 53564650.
4450
What is the greatest common divisor of 1047609 and 258?
129
Calculate the greatest common divisor of 205 and 303987202.
41
Calculate the greatest common factor of 399552 and 6976.
64
What is the greatest common factor of 6844 and 283736?
116
What is the greatest common factor of 3116 and 4894?
2
Calculate the greatest common factor of 6047025 and 300.
75
Calculate the highest common factor of 176 and 201472612.
44
Calculate the greatest common divisor of 381 and 63546101.
127
What is the highest common divisor of 1917 and 3008625?
213
What is the greatest common divisor of 215163387 and 1557?
1557
Calculate the highest common factor of 196 and 1043854.
14
Calculate the greatest common factor of 3722601 and 355.
71
Calculate the highest common factor of 13286 and 287037387.
6643
What is the highest common factor of 13773976 and 808?
808
Calculate the highest common divisor of 972 and 261305190.
486
Calculate the greatest common divisor of 27 and 4819248.
9
What is the greatest common factor of 17146278 and 68727?
2217
What is the highest common factor of 1153393516 and 11?
11
Calculate the highest common factor of 5427 and 147668.
67
What is the greatest common factor of 174237910 and 70?
70
Calculate the highest common factor of 110210 and 4490790.
1070
What is the greatest common divisor of 78500 and 3081910?
1570
Calculate the highest common factor of 389288255 and 1481.
1481
What is the greatest common factor of 2276645 and 81606?
203
Calculate the highest common factor of 84835602 and 36.
18
Calculate the greatest common factor of 524619 and 21087.
639
What is the highest common factor of 368619 and 462289?
551
What is the greatest common factor of 256 and 9728000?
256
Calculate the highest common divisor of 88485117 and 84.
21
Calculate the highest common factor of 3071 and 70437677.
37
Calculate the greatest common divisor of 115 and 322933225.
115
Calculate the greatest common divisor of 7144 and 43260492.
3572
What is the highest common divisor of 44423697 and 591?
591
Calculate the greatest common factor of 4985148 and 2856.
1428
Calculate the highest common divisor of 2430 and 20326950.
2430
What is the greatest common factor of 46397726 and 289?
17
What is the greatest common divisor of 4089646 and 44?
22
What is the highest common factor of 68535890 and 90?
10
What is the highest common divisor of 18190 and 146285?
85
What is the greatest common factor of 750330 and 6?
6
Calculate the greatest common factor of 15611 and 4463406.
67
Calculate the highest common factor of 560442 and 447.
3
Calculate the highest common factor of 17841336 and 11936.
2984
What is the highest common factor of 983496 and 12255?
129
What is the greatest common divisor of 132 and 1266353?
11
Calculate the greatest common divisor of 1890 and 21368934.
54
What is the highest common divisor of 59413897 and 219?
73
Calculate the highest common divisor of 31 and 30226519.
31
What is the highest common factor of 2650050 and 7046?
26
Calculate the highest common factor of 12185771 and 1769.
29
Calculate the greatest common factor of 44 and 214362544.
44
What is the greatest common divisor of 4695158 and 24128?
754
Calculate the greatest common divisor of 7234496 and 192.
64
Calculate the highest common divisor of 485 and 321479922.
97
What is the greatest common factor of 323053808 and 1232?
1232
Calculate the highest common factor of 4399173 and 315.
9
Calculate the highest common divisor of 81406290 and 8880.
1110
Calculate the highest common factor of 8060533 and 442.
221
What is the greatest common divisor of 34 and 47558282?
34
Calculate the highest common factor of 50730 and 9846.
6
What is the greatest common divisor of 230797 and 64?
1
Calculate the greatest common divisor of 7401650 and 50.
50
What is the greatest common factor of 46584953 and 645?
43
What is the greatest common factor of 12586 and 4360150?
1798
What is the greatest common divisor of 2566272 and 14208?
384
What is the greatest common divisor of 13122297 and 3915?
783
What is the greatest common factor of 72 and 53912304?
72
Calculate the greatest common divisor of 5047812 and 40068.
756
Calculate the highest common divisor of 378462612 and 188.
188
What is the highest common factor of 44 and 10038314?
22
Calculate the highest common factor of 88444763 and 2849.
407
Calculate the highest common divisor of 33 and 18303120.
33
Calculate the greatest common factor of 12943 and 1508311.
301
What is the highest common divisor of 1184 and 548439752?
296
Calculate the greatest common factor of 57 and 137233637.
19
Calculate the greatest common factor of 34482 and 317840298.
4926
Calculate the greatest common divisor of 565 and 385.
5
What is the highest common factor of 1806882 and 10626?
462
Calculate the highest common factor of 1146 and 38022.
6
What is the greatest common factor of 13700 and 537575?
25
Calculate the highest common factor of 1444 and 137133431.
361
What is the highest common factor of 132 and 2948604?
12
Calculate the greatest common factor of 7983657 and 198.
99
What is the greatest common divisor of 58 and 107071451?
29
What is the greatest common factor of 2160 and 57086208?
432
Calculate the greatest common divisor of 1431252 and 155376.
2988
What is the greatest common factor of 136022 and 251298?
46
Calculate the highest common divisor of 6764 and 464544756.
6764
What is the greatest common divisor of 25725756 and 70?
14
What is the greatest common divisor of 73517282 and 34?
34
Calculate the greatest common factor of 2025780 and 12660.
60
What is the greatest common divisor of 1752885 and 90?
45
Calculate the greatest common factor of 347328645 and 1140.
285
Calculate the greatest common divisor of 462984043 and 8363.
8363
What is the highest common divisor of 2880 and 689435136?
576
What is the greatest common factor of 611083 and 197860?
761
Calculate the greatest common divisor of 60771570 and 120.
30
Calculate the greatest common divisor of 808160 and 464.
16
What is the highest common divisor of 238560 and 1837920?
3360
What is the highest common divisor of 90906 and 138?
6
Calculate the highest common factor of 526169 and 14.
7
What is the greatest common divisor of 448990640 and 149?
149
Calculate the greatest common divisor of 3687825 and 114450.
75
What is the highest common factor of 16875201 and 801?
267
What is the greatest common divisor of 1210 and 11357786?
242
What is the highest common factor of 43994211 and 30432?
951
What is the greatest common factor of 154 and 34353803?
11
What is the greatest common factor of 1216969 and 39?
13
Calculate the highest common factor of 970 and 8089315.
485
Calculate the greatest common factor of 847972 and 18164.
956
What is the highest common factor of 7633947 and 23640?
591
What is the highest common divisor of 156198975 and 1275?
1275
What is the highest common divisor of 216 and 8328339?
27
Calculate the greatest common divisor of 63503 and 43769.
253
What is the greatest common factor of 102627360 and 75330?
2790
Calculate the highest common factor of 184787972 and 3244.
3244
Calculate the greatest common divisor of 147930363 and 269.
269
What is the greatest common divisor of 433504 and 40